{"id":24,"date":"2026-03-19T14:13:39","date_gmt":"2026-03-19T14:13:39","guid":{"rendered":"https:\/\/elrecree.com\/?page_id=24"},"modified":"2026-04-10T13:37:22","modified_gmt":"2026-04-10T13:37:22","slug":"qui-suis-je","status":"publish","type":"page","link":"https:\/\/elrecree.com\/index.php\/qui-suis-je\/","title":{"rendered":"Qui suis-je?"},"content":{"rendered":"\n<div class=\"wp-block-columns are-vertically-aligned-center is-layout-flex wp-container-core-columns-is-layout-9d6595d7 wp-block-columns-is-layout-flex\">\n<div class=\"wp-block-column is-vertically-aligned-center is-layout-flow wp-block-column-is-layout-flow\" style=\"flex-basis:33.33%\"><div class=\"wp-block-image\">\n<figure class=\"aligncenter size-large is-resized\"><img loading=\"lazy\" decoding=\"async\" width=\"683\" height=\"1024\" src=\"https:\/\/elrecree.com\/wp-content\/uploads\/2026\/04\/ELrecree-683x1024.jpg\" alt=\"\" class=\"wp-image-111\" style=\"aspect-ratio:0.6670050349196037;width:233px;height:auto\" srcset=\"https:\/\/elrecree.com\/wp-content\/uploads\/2026\/04\/ELrecree-683x1024.jpg 683w, https:\/\/elrecree.com\/wp-content\/uploads\/2026\/04\/ELrecree-200x300.jpg 200w, https:\/\/elrecree.com\/wp-content\/uploads\/2026\/04\/ELrecree-600x900.jpg 600w, https:\/\/elrecree.com\/wp-content\/uploads\/2026\/04\/ELrecree.jpg 720w\" sizes=\"auto, (max-width: 683px) 100vw, 683px\" \/><\/figure>\n<\/div><\/div>\n\n\n\n<div class=\"wp-block-column is-vertically-aligned-center is-layout-flow wp-block-column-is-layout-flow\" style=\"flex-basis:66.66%\">\n<h2 class=\"wp-block-heading\" style=\"font-size:17px\">Qui est ELrecr\u00e9e ?<\/h2>\n\n\n\n<blockquote class=\"wp-block-quote has-text-align-center is-layout-flow wp-block-quote-is-layout-flow\" style=\"font-size:11px\">\n<h3 class=\"wp-block-heading has-text-align-center\" style=\"font-size:16px\"><br>\u00ab\u00a0Je voulais cr\u00e9er des v\u00eatements, finalement je pars des v\u00eatements pour cr\u00e9er des accessoires. <br>La boucle est boucl\u00e9e !\u00a0\u00bb<\/h3>\n<\/blockquote>\n\n\n\n<p><\/p>\n\n\n\n<p><strong>Derri\u00e8re ELrecr\u00e9e se cache Emilie, je suis fondatrice de la marque et cr\u00e9atrice couturi\u00e8re, sp\u00e9cialis\u00e9e dans le Surcyclage textile.<\/strong><br><br>Voici mon histoire : <\/p>\n\n\n\n<p class=\"has-text-align-left\">Passionn\u00e9e par les arts et la mode depuis l\u2019enfance, j\u2019ai grandi au milieu des fils et des aiguilles, <br>guid\u00e9e par une maman et une grand-m\u00e8re couturi\u00e8res.<br>Apr\u00e8s un Bac+3 en textile technique, j\u2019ai exerc\u00e9 mon savoir-faire dans des univers exigeants comme l\u2019\u00e9quipement moto et le domaine militaire. <br>Aujourd\u2019hui, j\u2019utilise cette rigueur technique pour donner une nouvelle vie aux mati\u00e8res oubli\u00e9es.<br><br><\/p>\n<\/div>\n<\/div>\n\n\n\n<h3 class=\"wp-block-heading\" style=\"font-size:14px\"><strong>Mon engagement : <\/strong>Contribuer \u00e0 la r\u00e9duction des d\u00e9ch\u00eats textiles en donnant une seconde vie aux v\u00eatements.<\/h3>\n\n\n\n<div class=\"wp-block-columns are-vertically-aligned-center is-layout-flex wp-container-core-columns-is-layout-9d6595d7 wp-block-columns-is-layout-flex\">\n<div class=\"wp-block-column is-vertically-aligned-center is-layout-flow wp-block-column-is-layout-flow\" style=\"flex-basis:66.66%\">\n<div class=\"wp-block-group is-vertical is-content-justification-stretch is-layout-flex wp-container-core-group-is-layout-b16ad781 wp-block-group-is-layout-flex\">\n<p>En avril 2023, j&rsquo;ai choisi de revenir \u00e0 l&rsquo;essentiel en cr\u00e9ant mon atelier \u00e0 Mayet en Sarthe, l\u00e0 o\u00f9 j&rsquo;ai grandi.<br>Ma mission ? Transformer les v\u00eatements destin\u00e9s \u00e0 l\u2019abandon en accessoires du quotidien et objets de d\u00e9coration uniques.<\/p>\n\n\n\n<ul class=\"wp-block-list\">\n<li><strong>Z\u00e9ro achat de tissus neufs :<\/strong> Je travaille exclusivement \u00e0 partir de dons et de mon propre stock.<\/li>\n\n\n\n<li><strong>Pi\u00e8ces uniques :<\/strong> Chaque cr\u00e9ation est r\u00e9alis\u00e9e en petite s\u00e9rie, selon la mati\u00e8re disponible.<\/li>\n\n\n\n<li><strong>Le d\u00e9tail qui raconte une histoire :<\/strong> J\u2019aime conserver un bouton, une couture ou un d\u00e9tail d\u2019origine, comme un t\u00e9moin du pass\u00e9 du v\u00eatement.<br><br><strong>Faire revivre vos souvenirs<\/strong><\/li>\n\n\n\n<li>Vous avez un v\u00eatement charg\u00e9 d&rsquo;histoire dont vous ne pouvez vous s\u00e9parer ?<\/li>\n\n\n\n<li>Je vous propose de le transformer en un accessoire utile, pour qu&rsquo;il continue de vous accompagner au quotidien plut\u00f4t que de dormir dans un placard.<\/li>\n<\/ul>\n<\/div>\n<\/div>\n\n\n\n<div class=\"wp-block-column is-vertically-aligned-center is-layout-flow wp-block-column-is-layout-flow\" style=\"flex-basis:33.33%\">\n<figure class=\"wp-block-image size-full\"><img loading=\"lazy\" decoding=\"async\" width=\"800\" height=\"609\" src=\"https:\/\/elrecree.com\/wp-content\/uploads\/2026\/04\/ELrecree-1.png\" alt=\"\" class=\"wp-image-181\" srcset=\"https:\/\/elrecree.com\/wp-content\/uploads\/2026\/04\/ELrecree-1.png 800w, https:\/\/elrecree.com\/wp-content\/uploads\/2026\/04\/ELrecree-1-300x228.png 300w, https:\/\/elrecree.com\/wp-content\/uploads\/2026\/04\/ELrecree-1-768x585.png 768w, https:\/\/elrecree.com\/wp-content\/uploads\/2026\/04\/ELrecree-1-600x457.png 600w\" sizes=\"auto, (max-width: 800px) 100vw, 800px\" \/><\/figure>\n<\/div>\n<\/div>\n\n\n\n<p><\/p>\n\n\n\n<p><\/p>\n\n\n\n<div class=\"wp-block-columns are-vertically-aligned-center is-layout-flex wp-container-core-columns-is-layout-9d6595d7 wp-block-columns-is-layout-flex\">\n<div class=\"wp-block-column is-vertically-aligned-center is-layout-flow wp-block-column-is-layout-flow\" style=\"flex-basis:33.33%\"><div class=\"wp-block-image\">\n<figure class=\"alignright size-large is-resized\"><img loading=\"lazy\" decoding=\"async\" width=\"1024\" height=\"837\" src=\"https:\/\/elrecree.com\/wp-content\/uploads\/2026\/04\/ECODEFIS_ELrecree-1024x837.jpg\" alt=\"\" class=\"wp-image-182\" style=\"aspect-ratio:1.2234621089059963;width:168px;height:auto\" srcset=\"https:\/\/elrecree.com\/wp-content\/uploads\/2026\/04\/ECODEFIS_ELrecree-1024x837.jpg 1024w, https:\/\/elrecree.com\/wp-content\/uploads\/2026\/04\/ECODEFIS_ELrecree-300x245.jpg 300w, https:\/\/elrecree.com\/wp-content\/uploads\/2026\/04\/ECODEFIS_ELrecree-768x628.jpg 768w, https:\/\/elrecree.com\/wp-content\/uploads\/2026\/04\/ECODEFIS_ELrecree-600x490.jpg 600w, https:\/\/elrecree.com\/wp-content\/uploads\/2026\/04\/ECODEFIS_ELrecree.jpg 1364w\" sizes=\"auto, (max-width: 1024px) 100vw, 1024px\" \/><\/figure>\n<\/div><\/div>\n\n\n\n<div class=\"wp-block-column is-vertically-aligned-center is-layout-flow wp-block-column-is-layout-flow\" style=\"flex-basis:66.66%\">\n<p><strong>Le saviez-vous ?<\/strong><br>En novembre 2023, ma d\u00e9marche a \u00e9t\u00e9 r\u00e9compens\u00e9e par le label <strong>ECO-D\u00c9FIS<\/strong> de la Chambre des m\u00e9tiers et de l&rsquo;artisanat du Mans. Un gage de mon engagement sinc\u00e8re pour la transition \u00e9cologique.<\/p>\n<\/div>\n<\/div>\n","protected":false},"excerpt":{"rendered":"<p>Qui est ELrecr\u00e9e ? \u00ab\u00a0Je voulais cr\u00e9er des v\u00eatements, finalement je pars des v\u00eatements pour cr\u00e9er des accessoires. La boucle est boucl\u00e9e !\u00a0\u00bb Derri\u00e8re ELrecr\u00e9e se cache Emilie, je suis fondatrice de la marque et cr\u00e9atrice couturi\u00e8re, sp\u00e9cialis\u00e9e dans le Surcyclage textile. Voici mon histoire : Passionn\u00e9e par les arts et la mode depuis l\u2019enfance, [&hellip;]<\/p>\n","protected":false},"author":1,"featured_media":0,"parent":0,"menu_order":0,"comment_status":"closed","ping_status":"closed","template":"","meta":{"ocean_post_layout":"","ocean_both_sidebars_style":"","ocean_both_sidebars_content_width":0,"ocean_both_sidebars_sidebars_width":0,"ocean_sidebar":"","ocean_second_sidebar":"","ocean_disable_margins":"enable","ocean_add_body_class":"","ocean_shortcode_before_top_bar":"","ocean_shortcode_after_top_bar":"","ocean_shortcode_before_header":"","ocean_shortcode_after_header":"","ocean_has_shortcode":"","ocean_shortcode_after_title":"","ocean_shortcode_before_footer_widgets":"","ocean_shortcode_after_footer_widgets":"","ocean_shortcode_before_footer_bottom":"","ocean_shortcode_after_footer_bottom":"","ocean_display_top_bar":"default","ocean_display_header":"default","ocean_header_style":"","ocean_center_header_left_menu":"","ocean_custom_header_template":"","ocean_custom_logo":0,"ocean_custom_retina_logo":0,"ocean_custom_logo_max_width":0,"ocean_custom_logo_tablet_max_width":0,"ocean_custom_logo_mobile_max_width":0,"ocean_custom_logo_max_height":0,"ocean_custom_logo_tablet_max_height":0,"ocean_custom_logo_mobile_max_height":0,"ocean_header_custom_menu":"","ocean_menu_typo_font_family":"","ocean_menu_typo_font_subset":"","ocean_menu_typo_font_size":0,"ocean_menu_typo_font_size_tablet":0,"ocean_menu_typo_font_size_mobile":0,"ocean_menu_typo_font_size_unit":"px","ocean_menu_typo_font_weight":"","ocean_menu_typo_font_weight_tablet":"","ocean_menu_typo_font_weight_mobile":"","ocean_menu_typo_transform":"","ocean_menu_typo_transform_tablet":"","ocean_menu_typo_transform_mobile":"","ocean_menu_typo_line_height":0,"ocean_menu_typo_line_height_tablet":0,"ocean_menu_typo_line_height_mobile":0,"ocean_menu_typo_line_height_unit":"","ocean_menu_typo_spacing":0,"ocean_menu_typo_spacing_tablet":0,"ocean_menu_typo_spacing_mobile":0,"ocean_menu_typo_spacing_unit":"","ocean_menu_link_color":"","ocean_menu_link_color_hover":"","ocean_menu_link_color_active":"","ocean_menu_link_background":"","ocean_menu_link_hover_background":"","ocean_menu_link_active_background":"","ocean_menu_social_links_bg":"","ocean_menu_social_hover_links_bg":"","ocean_menu_social_links_color":"","ocean_menu_social_hover_links_color":"","ocean_disable_title":"default","ocean_disable_heading":"default","ocean_post_title":"","ocean_post_subheading":"","ocean_post_title_style":"","ocean_post_title_background_color":"","ocean_post_title_background":0,"ocean_post_title_bg_image_position":"","ocean_post_title_bg_image_attachment":"","ocean_post_title_bg_image_repeat":"","ocean_post_title_bg_image_size":"","ocean_post_title_height":0,"ocean_post_title_bg_overlay":0.5,"ocean_post_title_bg_overlay_color":"","ocean_disable_breadcrumbs":"default","ocean_breadcrumbs_color":"","ocean_breadcrumbs_separator_color":"","ocean_breadcrumbs_links_color":"","ocean_breadcrumbs_links_hover_color":"","ocean_display_footer_widgets":"default","ocean_display_footer_bottom":"default","ocean_custom_footer_template":"","footnotes":""},"class_list":["post-24","page","type-page","status-publish","hentry","entry","owp-thumbs-layout-horizontal","owp-btn-normal","owp-tabs-layout-horizontal","has-no-thumbnails","has-product-nav"],"yoast_head":"<!-- This site is optimized with the Yoast SEO plugin v27.4 - https:\/\/yoast.com\/product\/yoast-seo-wordpress\/ -->\n<title>Qui suis-je? - ELrecr\u00e9e<\/title>\n<meta name=\"robots\" content=\"index, follow, max-snippet:-1, max-image-preview:large, max-video-preview:-1\" \/>\n<link rel=\"canonical\" href=\"https:\/\/elrecree.com\/index.php\/qui-suis-je\/\" \/>\n<meta property=\"og:locale\" content=\"fr_FR\" \/>\n<meta property=\"og:type\" content=\"article\" \/>\n<meta property=\"og:title\" content=\"Qui suis-je? - ELrecr\u00e9e\" \/>\n<meta property=\"og:description\" content=\"Qui est ELrecr\u00e9e ? \u00ab\u00a0Je voulais cr\u00e9er des v\u00eatements, finalement je pars des v\u00eatements pour cr\u00e9er des accessoires. La boucle est boucl\u00e9e !\u00a0\u00bb Derri\u00e8re ELrecr\u00e9e se cache Emilie, je suis fondatrice de la marque et cr\u00e9atrice couturi\u00e8re, sp\u00e9cialis\u00e9e dans le Surcyclage textile. Voici mon histoire : Passionn\u00e9e par les arts et la mode depuis l\u2019enfance, [&hellip;]\" \/>\n<meta property=\"og:url\" content=\"https:\/\/elrecree.com\/index.php\/qui-suis-je\/\" \/>\n<meta property=\"og:site_name\" content=\"ELrecr\u00e9e\" \/>\n<meta property=\"article:modified_time\" content=\"2026-04-10T13:37:22+00:00\" \/>\n<meta property=\"og:image\" content=\"https:\/\/elrecree.com\/wp-content\/uploads\/2026\/04\/ELrecree.jpg\" \/>\n\t<meta property=\"og:image:width\" content=\"720\" \/>\n\t<meta property=\"og:image:height\" content=\"1080\" \/>\n\t<meta property=\"og:image:type\" content=\"image\/jpeg\" \/>\n<meta name=\"twitter:card\" content=\"summary_large_image\" \/>\n<meta name=\"twitter:label1\" content=\"Dur\u00e9e de lecture estim\u00e9e\" \/>\n\t<meta name=\"twitter:data1\" content=\"2 minutes\" \/>\n<script type=\"application\/ld+json\" class=\"yoast-schema-graph\">{\"@context\":\"https:\\\/\\\/schema.org\",\"@graph\":[{\"@type\":\"WebPage\",\"@id\":\"https:\\\/\\\/elrecree.com\\\/index.php\\\/qui-suis-je\\\/\",\"url\":\"https:\\\/\\\/elrecree.com\\\/index.php\\\/qui-suis-je\\\/\",\"name\":\"Qui suis-je? - ELrecr\u00e9e\",\"isPartOf\":{\"@id\":\"https:\\\/\\\/elrecree.com\\\/#website\"},\"primaryImageOfPage\":{\"@id\":\"https:\\\/\\\/elrecree.com\\\/index.php\\\/qui-suis-je\\\/#primaryimage\"},\"image\":{\"@id\":\"https:\\\/\\\/elrecree.com\\\/index.php\\\/qui-suis-je\\\/#primaryimage\"},\"thumbnailUrl\":\"https:\\\/\\\/elrecree.com\\\/wp-content\\\/uploads\\\/2026\\\/04\\\/ELrecree-683x1024.jpg\",\"datePublished\":\"2026-03-19T14:13:39+00:00\",\"dateModified\":\"2026-04-10T13:37:22+00:00\",\"breadcrumb\":{\"@id\":\"https:\\\/\\\/elrecree.com\\\/index.php\\\/qui-suis-je\\\/#breadcrumb\"},\"inLanguage\":\"fr-FR\",\"potentialAction\":[{\"@type\":\"ReadAction\",\"target\":[\"https:\\\/\\\/elrecree.com\\\/index.php\\\/qui-suis-je\\\/\"]}]},{\"@type\":\"ImageObject\",\"inLanguage\":\"fr-FR\",\"@id\":\"https:\\\/\\\/elrecree.com\\\/index.php\\\/qui-suis-je\\\/#primaryimage\",\"url\":\"https:\\\/\\\/elrecree.com\\\/wp-content\\\/uploads\\\/2026\\\/04\\\/ELrecree.jpg\",\"contentUrl\":\"https:\\\/\\\/elrecree.com\\\/wp-content\\\/uploads\\\/2026\\\/04\\\/ELrecree.jpg\",\"width\":720,\"height\":1080},{\"@type\":\"BreadcrumbList\",\"@id\":\"https:\\\/\\\/elrecree.com\\\/index.php\\\/qui-suis-je\\\/#breadcrumb\",\"itemListElement\":[{\"@type\":\"ListItem\",\"position\":1,\"name\":\"Accueil\",\"item\":\"https:\\\/\\\/elrecree.com\\\/\"},{\"@type\":\"ListItem\",\"position\":2,\"name\":\"Qui suis-je?\"}]},{\"@type\":\"WebSite\",\"@id\":\"https:\\\/\\\/elrecree.com\\\/#website\",\"url\":\"https:\\\/\\\/elrecree.com\\\/\",\"name\":\"ELrecr\u00e9e\",\"description\":\"\",\"publisher\":{\"@id\":\"https:\\\/\\\/elrecree.com\\\/#organization\"},\"potentialAction\":[{\"@type\":\"SearchAction\",\"target\":{\"@type\":\"EntryPoint\",\"urlTemplate\":\"https:\\\/\\\/elrecree.com\\\/?s={search_term_string}\"},\"query-input\":{\"@type\":\"PropertyValueSpecification\",\"valueRequired\":true,\"valueName\":\"search_term_string\"}}],\"inLanguage\":\"fr-FR\"},{\"@type\":\"Organization\",\"@id\":\"https:\\\/\\\/elrecree.com\\\/#organization\",\"name\":\"ELrecr\u00e9e\",\"url\":\"https:\\\/\\\/elrecree.com\\\/\",\"logo\":{\"@type\":\"ImageObject\",\"inLanguage\":\"fr-FR\",\"@id\":\"https:\\\/\\\/elrecree.com\\\/#\\\/schema\\\/logo\\\/image\\\/\",\"url\":\"https:\\\/\\\/elrecree.com\\\/wp-content\\\/uploads\\\/2026\\\/04\\\/ELrecree-_Logo.png\",\"contentUrl\":\"https:\\\/\\\/elrecree.com\\\/wp-content\\\/uploads\\\/2026\\\/04\\\/ELrecree-_Logo.png\",\"width\":802,\"height\":800,\"caption\":\"ELrecr\u00e9e\"},\"image\":{\"@id\":\"https:\\\/\\\/elrecree.com\\\/#\\\/schema\\\/logo\\\/image\\\/\"}}]}<\/script>\n<!-- \/ Yoast SEO plugin. -->","yoast_head_json":{"title":"Qui suis-je? - ELrecr\u00e9e","robots":{"index":"index","follow":"follow","max-snippet":"max-snippet:-1","max-image-preview":"max-image-preview:large","max-video-preview":"max-video-preview:-1"},"canonical":"https:\/\/elrecree.com\/index.php\/qui-suis-je\/","og_locale":"fr_FR","og_type":"article","og_title":"Qui suis-je? - ELrecr\u00e9e","og_description":"Qui est ELrecr\u00e9e ? \u00ab\u00a0Je voulais cr\u00e9er des v\u00eatements, finalement je pars des v\u00eatements pour cr\u00e9er des accessoires. La boucle est boucl\u00e9e !\u00a0\u00bb Derri\u00e8re ELrecr\u00e9e se cache Emilie, je suis fondatrice de la marque et cr\u00e9atrice couturi\u00e8re, sp\u00e9cialis\u00e9e dans le Surcyclage textile. Voici mon histoire : Passionn\u00e9e par les arts et la mode depuis l\u2019enfance, [&hellip;]","og_url":"https:\/\/elrecree.com\/index.php\/qui-suis-je\/","og_site_name":"ELrecr\u00e9e","article_modified_time":"2026-04-10T13:37:22+00:00","og_image":[{"width":720,"height":1080,"url":"https:\/\/elrecree.com\/wp-content\/uploads\/2026\/04\/ELrecree.jpg","type":"image\/jpeg"}],"twitter_card":"summary_large_image","twitter_misc":{"Dur\u00e9e de lecture estim\u00e9e":"2 minutes"},"schema":{"@context":"https:\/\/schema.org","@graph":[{"@type":"WebPage","@id":"https:\/\/elrecree.com\/index.php\/qui-suis-je\/","url":"https:\/\/elrecree.com\/index.php\/qui-suis-je\/","name":"Qui suis-je? - ELrecr\u00e9e","isPartOf":{"@id":"https:\/\/elrecree.com\/#website"},"primaryImageOfPage":{"@id":"https:\/\/elrecree.com\/index.php\/qui-suis-je\/#primaryimage"},"image":{"@id":"https:\/\/elrecree.com\/index.php\/qui-suis-je\/#primaryimage"},"thumbnailUrl":"https:\/\/elrecree.com\/wp-content\/uploads\/2026\/04\/ELrecree-683x1024.jpg","datePublished":"2026-03-19T14:13:39+00:00","dateModified":"2026-04-10T13:37:22+00:00","breadcrumb":{"@id":"https:\/\/elrecree.com\/index.php\/qui-suis-je\/#breadcrumb"},"inLanguage":"fr-FR","potentialAction":[{"@type":"ReadAction","target":["https:\/\/elrecree.com\/index.php\/qui-suis-je\/"]}]},{"@type":"ImageObject","inLanguage":"fr-FR","@id":"https:\/\/elrecree.com\/index.php\/qui-suis-je\/#primaryimage","url":"https:\/\/elrecree.com\/wp-content\/uploads\/2026\/04\/ELrecree.jpg","contentUrl":"https:\/\/elrecree.com\/wp-content\/uploads\/2026\/04\/ELrecree.jpg","width":720,"height":1080},{"@type":"BreadcrumbList","@id":"https:\/\/elrecree.com\/index.php\/qui-suis-je\/#breadcrumb","itemListElement":[{"@type":"ListItem","position":1,"name":"Accueil","item":"https:\/\/elrecree.com\/"},{"@type":"ListItem","position":2,"name":"Qui suis-je?"}]},{"@type":"WebSite","@id":"https:\/\/elrecree.com\/#website","url":"https:\/\/elrecree.com\/","name":"ELrecr\u00e9e","description":"","publisher":{"@id":"https:\/\/elrecree.com\/#organization"},"potentialAction":[{"@type":"SearchAction","target":{"@type":"EntryPoint","urlTemplate":"https:\/\/elrecree.com\/?s={search_term_string}"},"query-input":{"@type":"PropertyValueSpecification","valueRequired":true,"valueName":"search_term_string"}}],"inLanguage":"fr-FR"},{"@type":"Organization","@id":"https:\/\/elrecree.com\/#organization","name":"ELrecr\u00e9e","url":"https:\/\/elrecree.com\/","logo":{"@type":"ImageObject","inLanguage":"fr-FR","@id":"https:\/\/elrecree.com\/#\/schema\/logo\/image\/","url":"https:\/\/elrecree.com\/wp-content\/uploads\/2026\/04\/ELrecree-_Logo.png","contentUrl":"https:\/\/elrecree.com\/wp-content\/uploads\/2026\/04\/ELrecree-_Logo.png","width":802,"height":800,"caption":"ELrecr\u00e9e"},"image":{"@id":"https:\/\/elrecree.com\/#\/schema\/logo\/image\/"}}]}},"_links":{"self":[{"href":"https:\/\/elrecree.com\/index.php\/wp-json\/wp\/v2\/pages\/24","targetHints":{"allow":["GET"]}}],"collection":[{"href":"https:\/\/elrecree.com\/index.php\/wp-json\/wp\/v2\/pages"}],"about":[{"href":"https:\/\/elrecree.com\/index.php\/wp-json\/wp\/v2\/types\/page"}],"author":[{"embeddable":true,"href":"https:\/\/elrecree.com\/index.php\/wp-json\/wp\/v2\/users\/1"}],"replies":[{"embeddable":true,"href":"https:\/\/elrecree.com\/index.php\/wp-json\/wp\/v2\/comments?post=24"}],"version-history":[{"count":7,"href":"https:\/\/elrecree.com\/index.php\/wp-json\/wp\/v2\/pages\/24\/revisions"}],"predecessor-version":[{"id":246,"href":"https:\/\/elrecree.com\/index.php\/wp-json\/wp\/v2\/pages\/24\/revisions\/246"}],"wp:attachment":[{"href":"https:\/\/elrecree.com\/index.php\/wp-json\/wp\/v2\/media?parent=24"}],"curies":[{"name":"wp","href":"https:\/\/api.w.org\/{rel}","templated":true}]}}